 by 77?
73
What is the remainder when 2972 is divided by 716?
108
Calculate the remainder when 29460 is divided by 218.
30
What is the remainder when 84910 is divided by 116?
114
Calculate the remainder when 6418 is divided by 208.
178
Calculate the remainder when 71144 is divided by 901.
866
What is the remainder when 3689 is divided by 337?
319
Calculate the remainder when 92517 is divided by 24.
21
What is the remainder when 20118 is divided by 523?
244
What is the remainder when 476827 is divided by 9?
7
What is the remainder when 6331 is divided by 87?
67
What is the remainder when 1294 is divided by 72?
70
Calculate the remainder when 10908 is divided by 553.
401
Calculate the remainder when 56884 is divided by 21.
16
Calculate the remainder when 378833 is divided by 84.
77
What is the remainder when 8842 is divided by 305?
302
What is the remainder when 5294 is divided by 588?
2
Calculate the remainder when 5698 is divided by 139.
138
What is the remainder when 785 is divided by 399?
386
Calculate the remainder when 406078 is divided by 180.
178
What is the remainder when 750314 is divided by 889?
887
What is the remainder when 1465 is divided by 298?
273
Calculate the remainder when 900 is divided by 65.
55
What is the remainder when 620 is divided by 607?
13
Calculate the remainder when 35928 is divided by 11941.
105
What is the remainder when 586096 is divided by 293046?
4
Calculate the remainder when 8642 is divided by 9.
2
What is the remainder when 129902 is divided by 92?
90
What is the remainder when 2449 is divided by 619?
592
Calculate the remainder when 102057 is divided by 12.
9
What is the remainder when 2965 is divided by 65?
40
Calculate the remainder when 782 is divided by 355.
72
Calculate the remainder when 36704 is divided by 36657.
47
What is the remainder when 1206 is divided by 49?
30
Calculate the remainder when 328908 is divided by 36.
12
What is the remainder when 7597 is divided by 136?
117
Calculate the remainder when 64366 is divided by 32181.
4
Calculate the remainder when 5102 is divided by 608.
238
Calculate the remainder when 18228 is divided by 84.
0
Calculate the remainder when 41062 is divided by 41051.
11
Calculate the remainder when 8650 is divided by 717.
46
What is the remainder when 9988 is divided by 1044?
592
What is the remainder when 386975 is divided by 48?
47
What is the remainder when 4997 is divided by 91?
83
Calculate the remainder when 1037 is divided by 553.
484
Calculate the remainder when 1155 is divided by 375.
30
Calculate the remainder when 104143 is divided by 496.
479
What is the remainder when 46496 is divided by 4647?
26
Calculate the remainder when 39413 is divided by 720.
533
What is the remainder when 41325 is divided by 1088?
1069
What is the remainder when 4586 is divided by 1388?
422
What is the remainder when 5394 is divided by 1793?
15
What is the remainder when 1746657 is divided by 10?
7
Calculate the remainder when 7290 is divided by 1854.
1728
Calculate the remainder when 1415 is divided by 130.
115
What is the remainder when 10994 is divided by 159?
23
Calculate the remainder when 2488 is divided by 2419.
69
Calculate the remainder when 5002 is divided by 16.
10
What is the remainder when 4416 is divided by 61?
24
Calculate the remainder when 3111 is divided by 72.
15
What is the remainder when 57335 is divided by 87?
2
Calculate the remainder when 249939 is divided by 1366.
1327
Calculate the remainder when 88972 is divided by 1744.
28
Calculate the remainder when 8471 is divided by 133.
92
Calculate the remainder when 1206 is divided by 199.
12
Calculate the remainder when 72153 is divided by 139.
12
What is the remainder when 12833 is divided by 68?
49
Calculate the remainder when 14104 is divided by 214.
194
What is the remainder when 8050 is divided by 37?
21
Calculate the remainder when 14259 is divided by 2850.
9
Calculate the remainder when 27597 is divided by 69.
66
Calculate the remainder when 575372 is divided by 1219.
4
What is the remainder when 6834 is divided by 3095?
644
What is the remainder when 30252 is divided by 1889?
28
Calculate the remainder when 90062 is divided by 3463.
24
Calculate the remainder when 2604 is divided by 415.
114
What is the remainder when 126496 is divided by 12?
4
What is the remainder when 78687 is divided by 26226?
9
What is the remainder when 123094 is divided by 61534?
26
Calculate the remainder when 13689 is divided by 1364.
49
What is the remainder when 506613 is divided by 111?
9
What is the remainder when 994 is divided by 925?
69
What is the remainder when 57576 is divided by 73?
52
What is the remainder when 67707 is divided by 542?
499
What is the remainder when 2620 is divided by 1078?
464
What is the remainder when 950 is divided by 112?
54
Calculate the remainder when 29497 is divided by 56.
41
What is the remainder when 10172 is divided by 53?
49
Calculate the remainder when 38289 is divided by 658.
125
Calculate the remainder when 4041 is divided by 25.
16
Calculate the remainder when 81123 is divided by 4.
3
What is the remainder when 6089 is divided by 3036?
17
What is the remainder when 45189 is divided by 45130?
59
What is the remainder when 10704 is divided by 843?
588
What is the remainder when 103960 is divided by 684?
676
Calculate the remainder when 96514 is divided by 48255.
4
Calculate the remainder when 6327408 is divided by 10.
8
What is the remainder when 2354 is divided by 139?
130
What is the remainder when 60712 is divided by 2639?
15
What is the remainder when 6155 is divided by 3033?
89
Calculate the remainder when 450914 is divided by 8052.
2
Calculate the remainder when 54089 is divided by 39.
35
Calculate the remainder when 525373 is divided by 9.
7
What is the remainder when 7100 is divided by 28?
16
Calculate the remainder when 11110 is divided by 1831.
124
What is the remainder when 625 is divided by 162?
139
Calculate the remainder when 43705 is divided by 26.
25
What is the remainder when 19279 is divided by 1062?
163
Calculate the remainder when 3155 is divided by 4.
3
Calculate the remainder when 3681 is divided by 230.
1
What is the remainder when 3893 is divided by 58?
7
What is the remainder when 629157 is divided by 314577?
3
Calculate the remainder when 28886 is divided by 824.
46
Calculate the remainder when 180198 is divided by 79.
78
Calculate the remainder when 21787 is divided by 455.
402
What is the remainder when 26886 is divided by 350?
286
Calculate the remainder when 40704 is divided by 220.
4
What is the remainder when 55040 is divided by 222?
206
What is the remainder when 26219 is divided by 422?
55
What is the remainder when 24251 is divided by 373?
6
What is the remainder when 9328 is divided by 2324?
32
Calculate the remainder when 35743 is divided by 137.
123
What is the remainder when 4858 is divided by 14?
0
What is the remainder when 119596 is divided by 2027?
3
What is the remainder when 12169 is divided by 5787?
595
Calculate the remainder when 13911 is divided by 131.
25
What is the remainder when 14247 is divided by 57?
54
Calculate the remainder when 24972 is divided by 1558.
44
What is the remainder when 91813 is divided by 236?
9
Calculate the remainder when 3448 is divided by 159.
109
Calculate the remainder when 5825 is divided by 1924.
53
Calculate the remainder when 53709 is divided by 10.
9
What is the remainder when 22532 is divided by 891?
257
Calculate the remainder when 10957 is divided by 226.
109
Calculate the remainder when 5588658 is divided by 154.
152
Calculate the remainder when 88963 is divided by 81.
25
Calculate the remainder when 1338 is divided by 125.
88
Calculate the remainder when 3067 is divided by 90.
7
What is the remainder when 2776474 is divided by 40?
34
Calculate the remainder when 587844 is divided by 445.
444
What is the remainder when 37351 is divided by 3112?
7
Calculate the remainder when 212207 is divided by 85.
47
What is the remainder when 1122755 is divided by 99?
95
What is the remainder when 51263 is divided by 788?
43
Calculate the remainder when 20986 is divided by 44.
42
Calculate the remainder when 83647 is divided by 83597.
50
Calculate the remainder when 75569 is divided by 27.
23
Calculate the